s the highest common factor of 1560 and 289510?
130
Calculate the greatest common factor of 642538 and 2366.
338
What is the highest common divisor of 424 and 7367?
53
Calculate the highest common factor of 64 and 382496.
32
Calculate the highest common divisor of 100769 and 1.
1
What is the highest common factor of 2361741 and 2316?
579
Calculate the highest common factor of 5136 and 2178948.
1284
Calculate the greatest common divisor of 221 and 24741392.
221
What is the greatest common factor of 278040 and 120?
120
What is the greatest common factor of 35 and 12510?
5
What is the greatest common divisor of 686 and 36078?
14
Calculate the greatest common factor of 4185 and 3141.
9
Calculate the highest common divisor of 57823 and 44731.
1091
Calculate the greatest common factor of 60 and 173020.
20
What is the highest common factor of 1635 and 45?
15
Calculate the greatest common divisor of 73572 and 12.
12
Calculate the highest common divisor of 8349 and 8993.
23
What is the highest common factor of 380 and 285760?
380
What is the highest common factor of 6624 and 5856?
96
Calculate the highest common divisor of 179883 and 11.
11
What is the greatest common divisor of 72432 and 184?
8
What is the highest common divisor of 78 and 157326?
78
What is the highest common divisor of 6 and 409947?
3
What is the greatest common divisor of 43181 and 87?
29
Calculate the greatest common divisor of 52 and 5941.
13
What is the greatest common divisor of 3548 and 1521205?
887
What is the greatest common divisor of 736575 and 245?
35
Calculate the highest common divisor of 3882 and 1488.
6
Calculate the greatest common divisor of 23 and 26680.
23
Calculate the highest common divisor of 65626 and 66.
22
What is the highest common factor of 8304555 and 1707?
1707
What is the greatest common divisor of 2478 and 213?
3
Calculate the greatest common divisor of 281936 and 2077.
67
Calculate the highest common divisor of 4 and 4895.
1
What is the greatest common factor of 15012 and 314001?
1251
Calculate the highest common factor of 3156 and 720620.
1052
Calculate the highest common factor of 45978 and 6.
6
Calculate the highest common divisor of 564 and 285.
3
Calculate the greatest common factor of 152 and 1082126.
38
What is the highest common factor of 347 and 694?
347
What is the greatest common divisor of 44280 and 3660?
60
Calculate the greatest common factor of 676556 and 2054.
158
Calculate the greatest common divisor of 76800 and 24.
24
What is the highest common divisor of 606 and 240?
6
What is the highest common factor of 9128 and 94866?
326
Calculate the greatest common factor of 372 and 2542.
62
What is the greatest common divisor of 2332 and 21147?
53
Calculate the highest common factor of 275 and 5239025.
275
What is the highest common divisor of 1901640 and 1855?
265
Calculate the highest common factor of 1255683 and 22.
11
Calculate the highest common divisor of 44 and 113223.
11
Calculate the highest common divisor of 30530 and 15.
5
Calculate the greatest common divisor of 334818 and 33.
33
What is the greatest common divisor of 774010 and 6902?
986
What is the greatest common divisor of 1976275 and 350?
175
What is the greatest common factor of 2738 and 370?
74
Calculate the highest common factor of 6048 and 487368.
504
What is the greatest common factor of 4244 and 692833?
1061
Calculate the greatest common factor of 12 and 17334.
6
What is the highest common factor of 5597 and 193?
193
What is the highest common divisor of 162 and 12447?
27
What is the greatest common divisor of 10494 and 308?
22
What is the highest common factor of 4738313 and 809?
809
What is the highest common divisor of 3130 and 410?
10
Calculate the greatest common divisor of 3263 and 753.
251
Calculate the greatest common divisor of 710 and 35410.
10
Calculate the greatest common factor of 9495 and 765.
45
What is the highest common divisor of 28866 and 459?
51
What is the greatest common factor of 5685768 and 4752?
2376
What is the highest common factor of 492220 and 30?
10
What is the highest common factor of 150 and 2232225?
75
Calculate the greatest common factor of 3381013 and 941.
941
Calculate the greatest common divisor of 18444 and 17400.
348
What is the greatest common factor of 345 and 147?
3
Calculate the highest common factor of 5974 and 22248.
206
What is the highest common divisor of 16742 and 198?
22
What is the highest common divisor of 8 and 656732?
4
Calculate the greatest common factor of 6762 and 218040.
138
Calculate the highest common divisor of 4784 and 13208.
104
Calculate the greatest common divisor of 238 and 113152.
34
What is the highest common factor of 490 and 4250?
10
Calculate the greatest common divisor of 15360 and 345.
15
What is the highest common divisor of 666 and 48396?
222
What is the highest common divisor of 7 and 5233?
1
What is the highest common factor of 6077591 and 13?
13
Calculate the highest common divisor of 152785 and 20.
5
Calculate the highest common divisor of 416 and 10516.
4
Calculate the greatest common factor of 11886 and 70.
14
What is the greatest common divisor of 1512 and 3618?
54
What is the greatest common divisor of 6974 and 143?
11
Calculate the highest common factor of 1122 and 42670.
34
Calculate the highest common factor of 493 and 142749.
17
What is the greatest common divisor of 188496 and 833?
119
What is the highest common divisor of 9 and 34254?
9
What is the highest common divisor of 835488 and 4835?
967
What is the greatest common divisor of 15616 and 96000?
256
Calculate the greatest common divisor of 87 and 13543.
29
What is the highest common divisor of 69 and 632017?
23
What is the highest common factor of 9063 and 27?
9
What is the highest common factor of 116 and 107242?
58
What is the highest common divisor of 549 and 12993?
183
Calculate the highest common factor of 20746 and 92.
46
What is the highest common divisor of 32 and 38664?
8
What is the highest common divisor of 547195 and 55?
55
What is the greatest common factor of 3015 and 1665?
45
Calculate the highest common factor of 2796618 and 33.
33
What is the greatest common factor of 252 and 539?
7
Calculate the highest common factor of 94479 and 1023.
33
Calculate the greatest common divisor of 19922 and 140.
14
Calculate the greatest common divisor of 21564 and 84.
12
What is the highest common divisor of 506757 and 186?
93
What is the highest common divisor of 56 and 220024?
56
Calculate the highest common factor of 63151 and 407.
11
Calculate the greatest common divisor of 113962 and 19.
19
What is the greatest common divisor of 3472 and 6293?
217
What is the greatest common factor of 1159 and 9728?
19
Calculate the greatest common factor of 72 and 21897.
9
Calculate the highest common factor of 4238 and 754.
26
Calculate the highest common divisor of 1664979 and 186.
93
What is the highest common factor of 1323222 and 6?
6
What is the highest common factor of 70 and 129934?
14
What is the greatest common factor of 66990 and 1230?
30
Calculate the greatest common factor of 317614 and 22.
22
Calculate the highest common divisor of 1855434 and 294.
294
What is the greatest common factor of 34 and 73886?
2
Calculate the highest common divisor of 12992 and 7840.
224
Calculate the highest common factor of 274 and 3999030.
274
Calculate the highest common divisor of 2100 and 2287740.
420
Calculate the greatest common divisor of 14283 and 158976.
621
Calculate the greatest common factor of 114 and 117230.
38
What is the highest common divisor of 787555 and 155?
155
What is the highest common divisor of 216370 and 5?
5
Calculate the greatest common divisor of 679 and 411377.
97
Calculate the greatest common factor of 345 and 2185.
115
Calculate the greatest common factor of 267179 and 277167.
2497
What is the highest common factor of 75 and 159270?
15
Calculate the highest common factor of 456 and 6696.
24
What is the highest common factor of 25443 and 693?
99
What is the highest common divisor of 135580 and 40?
20
Calculate the highest common divisor of 430379 and 235.
47
Calculate the highest common factor of 7195188 and 364.
364
What is the highest common factor of 10158624 and 504?
504
What is the greatest common divisor 